6?
8
What is the hundreds digit of 2012?
0
What is the hundreds digit of 4749?
7
What is the tens digit of 919?
1
What is the hundreds digit of 5890?
8
What is the tens digit of 5998?
9
What is the units digit of 917?
7
What is the tens digit of 1476?
7
What is the ten thousands digit of 33431?
3
What is the thousands digit of 7377?
7
What is the hundreds digit of 2412?
4
What is the units digit of 5928?
8
What is the units digit of 4523?
3
What is the units digit of 5699?
9
What is the units digit of 5136?
6
What is the units digit of 5300?
0
What is the hundreds digit of 2143?
1
What is the hundreds digit of 36537?
5
What is the tens digit of 23948?
4
What is the units digit of 562?
2
What is the tens digit of 6519?
1
What is the thousands digit of 101470?
1
What is the thousands digit of 13634?
3
What is the hundreds digit of 2540?
5
What is the tens digit of 3196?
9
What is the hundreds digit of 2389?
3
What is the hundreds digit of 17851?
8
What is the hundreds digit of 32747?
7
What is the units digit of 10256?
6
What is the tens digit of 129458?
5
What is the units digit of 598?
8
What is the units digit of 394?
4
What is the tens digit of 4958?
5
What is the hundreds digit of 319?
3
What is the hundreds digit of 660?
6
What is the hundreds digit of 724?
7
What is the thousands digit of 61126?
1
What is the hundreds digit of 55381?
3
What is the ten thousands digit of 69356?
6
What is the units digit of 3000?
0
What is the units digit of 545?
5
What is the tens digit of 2134?
3
What is the units digit of 13072?
2
What is the hundred thousands digit of 109272?
1
What is the thousands digit of 3805?
3
What is the thousands digit of 2955?
2
What is the ten thousands digit of 64132?
6
What is the hundreds digit of 1439?
4
What is the units digit of 47603?
3
What is the units digit of 3514?
4
What is the tens digit of 63321?
2
What is the tens digit of 19212?
1
What is the units digit of 85786?
6
What is the units digit of 2100?
0
What is the ten thousands digit of 58383?
5
What is the thousands digit of 10582?
0
What is the thousands digit of 14147?
4
What is the hundreds digit of 1507?
5
What is the hundreds digit of 673?
6
What is the ten thousands digit of 14393?
1
What is the thousands digit of 95127?
5
What is the thousands digit of 104789?
4
What is the tens digit of 6781?
8
What is the tens digit of 3060?
6
What is the tens digit of 7585?
8
What is the units digit of 13989?
9
What is the tens digit of 44627?
2
What is the hundreds digit of 758?
7
What is the tens digit of 1386?
8
What is the hundreds digit of 2158?
1
What is the thousands digit of 31638?
1
What is the hundreds digit of 26238?
2
What is the thousands digit of 6186?
6
What is the hundreds digit of 1142?
1
What is the hundreds digit of 63799?
7
What is the hundreds digit of 7436?
4
What is the units digit of 62586?
6
What is the thousands digit of 7852?
7
What is the tens digit of 6290?
9
What is the tens digit of 3300?
0
What is the hundreds digit of 3187?
1
What is the tens digit of 37126?
2
What is the hundreds digit of 1401?
4
What is the hundreds digit of 3776?
7
What is the thousands digit of 24154?
4
What is the units digit of 1232?
2
What is the hundreds digit of 26965?
9
What is the tens digit of 6744?
4
What is the units digit of 2204?
4
What is the thousands digit of 77808?
7
What is the units digit of 6603?
3
What is the thousands digit of 21081?
1
What is the units digit of 383?
3
What is the thousands digit of 1930?
1
What is the ten thousands digit of 14157?
1
What is the units digit of 34538?
8
What is the thousands digit of 1988?
1
What is the units digit of 9417?
7
What is the units digit of 729?
9
What is the hundreds digit of 116?
1
What is the hundreds digit of 746?
7
What is the hundreds digit of 3608?
6
What is the units digit of 68972?
2
What is the units digit of 56213?
3
What is the hundreds digit of 1344?
3
What is the tens digit of 2408?
0
What is the tens digit of 5373?
7
What is the thousands digit of 1248?
1
What is the ten thousands digit of 18275?
1
What is the units digit of 101?
1
What is the tens digit of 398?
9
What is the tens digit of 8043?
4
What is the hundreds digit of 4596?
5
What is the hundreds digit of 113034?
0
What is the units digit of 25841?
1
What is the tens digit of 302?
0
What is the tens digit of 21150?
5
What is the tens digit of 770?
7
What is the units digit of 40?
0
What is the units digit of 1939?
9
What is the tens digit of 88009?
0
What is the thousands digit of 23250?
3
What is the thousands digit of 4356?
4
What is the thousands digit of 2239?
2
What is the tens digit of 54019?
1
What is the thousands digit of 46504?
6
What is the hundreds digit of 1906?
9
What is the hundreds digit of 116543?
5
What is the thousands digit of 1754?
1
What is the hundreds digit of 4791?
7
What is the tens digit of 8895?
9
What is the units digit of 48?
8
What is the tens digit of 30958?
5
What is the hundreds digit of 2258?
2
What is the thousands digit of 19189?
9
What is the units digit of 1539?
9
What is the units digit of 61846?
6
What is the thousands digit of 20458?
0
What is the tens digit of 1097?
9
What is the thousands digit of 12970?
2
What is the tens digit of 11292?
9
What is the thousands digit of 8697?
8
What is the units digit of 1315?
5
What is the units digit of 80082?
2
What is the hundreds digit of 24599?
5
What is the units digit of 6153?
3
What is the thousands digit of 84357?
4
What is the units digit of 1970?
0
What is the thousands digit of 1239?
1
What is the tens digit of 604?
0
What is the ten thousands digit of 15696?
1
What is the units digit of 12924?
4
What is the ten thousands digit of 38796?
3
What is the ten thousands digit of 23033?
2
What is the thousands digit of 8219?
8
What is the ten thousands digit of 139833?
3
What is the thousands digit of 8373?
8
What is the tens digit of 8118?
1
What is the hundreds digit of 3274?
2
What is the thousands digit of 69253?
9
What is the thousands digit of 3545?
3
What is the units digit of 712?
2
What is the units digit of 6400?
0
What is the hundred thousands digit of 175762?
1
What is the ten thousands digit of 28899?
2
What is the units digit of 18730?
0
What is the tens digit of 25989?
8
What is the thousands digit of 55201?
5
What is the tens digit of 11920?
2
What is the units digit of 2665?
5
What is the hundreds digit of 697?
6
What is the units digit of 415?
5
What is the hundreds digit of 3618?
6
What is the thousands digit of 5119?
5
What is the hundreds digit of 36766?
7
What is the thousands digit of 21233?
1
What is the ten thousands digit of 76637?
7
What is the hundreds digit of 3812?
8
What is the tens digit of 610?
1
What is the units digit of 151?
1
What is the hundreds digit of 36596?
5
What is the units digit of 1064?
4
What is the thousands digit of 11505?
1
What is the ten thousands digit of 55924?
5
What is the units digit of 18444?
4
What is the thousands digit of 2169?
2
What is the hundreds digit of 237?
2
What is the units digit of 7308?
8
What is the units digit of 9417?
7
What is the hundreds digit of 947?
9
What is the tens digit of 27025?
2
What is the tens digit of 512?
1
What is the hundreds digit of 13871?
8
What is the ten thousands digit of 16976?
1
What is the hundreds digit of 1376?
3
What is the hundreds digit of 498?
4
What is the hundreds digit of 257?
2
What is the tens digit of 6628?
2
What is the units digit of 9877?
7
What is the hundreds digit of 386?
3
What is the tens digit of 39828?
2
What is the tens digit of 74905?
0
What is the tens digit of 2745?
4
What is the thousands digit of 29076?
9
What is the tens digit of 854?
5
What is the units digit of 690?
0
What is the hundreds digit of 448?
4
What is the tens digit of 439?
3
What is the units digit of 18874?
4
What is the units digit of 7263?
3
What is the thousands digit of 175176?
5
What is the units digit of 327?
7
What is the thousands digit of 3772?
3
What is the units digit of 79?
9
What is the units digit of 26580?
0
What is the thousands digit of 4142?
4
What is the hundreds digit of 29250?
2
What is the hundreds digit of 612?
6
What is the ten thousands digit of 61992?
6
What is the units digit of 4179?
9
What is the hundreds digit of 